320124?
4032011a
In base 5, what is 40002 - 100201?
-10144
In base 5, what is -1012220 + -101310?
-1114030
In base 15, what is -29ece53 + -4?
-29ece57
In base 9, what is 13648102 - 0?
13648102
In base 7, what is -102565 - 45?
-102643
In base 14, what is 651 - 4170?
-391d
In base 10, what is 195 + -159589?
-159394
In base 2, what is 100100001011100 - 1101011011?
100010100000001
In base 6, what is -20400433132 + 3?
-20400433125
In base 15, what is 97262 + -93?
971be
In base 2, what is 10101011001000011000101 + 10?
10101011001000011000111
In base 11, what is 114aa50 - 52?
114a9a9
In base 10, what is -18197214 - -3?
-18197211
In base 16, what is 24 - -14cbd?
14ce1
In base 9, what is -40 + 267461?
267421
In base 10, what is -179820 + -184?
-180004
In base 12, what is 79611 + 1219?
7a82a
In base 2, what is 110111111101001001 - 1001?
110111111101000000
In base 2, what is -11 - 10000011000001010110101?
-10000011000001010111000
In base 5, what is -1033 - -222133323?
222132240
In base 4, what is -102 - -1010?
302
In base 16, what is -992324e - 0?
-992324e
In base 12, what is -117 - -90501?
903a6
In base 6, what is 15453410 - 24?
15453342
In base 11, what is -1833412 - -8?
-1833405
In base 7, what is 133405 - 65516?
34556
In base 12, what is 33 + 6b5b4?
6b627
In base 13, what is 5 - 4223b0?
-4223a8
In base 14, what is -1036548 - 5?
-103654d
In base 8, what is 1 - 153473507?
-153473506
In base 14, what is 0 + -bcd974?
-bcd974
In base 5, what is 211 + 142040342?
142041103
In base 15, what is -18 + 212d7c?
212d64
In base 7, what is 110015 - 166442?
-56424
In base 12, what is 1665 - 36153?
-346aa
In base 7, what is -2 - 2406045354?
-2406045356
In base 9, what is -113465 - 73?
-113548
In base 15, what is e11 - 41e0?
-32ce
In base 14, what is 6679 - 351?
6328
In base 10, what is 59 - 1227?
-1168
In base 9, what is 4 - 53727260?
-53727255
In base 13, what is a90 + 1c2?
c82
In base 5, what is -22 + 1441440303?
1441440231
In base 14, what is 1613 + 1a57a?
1bb8d
In base 7, what is -53410 + 163606?
110166
In base 12, what is -6253 + 22454?
18201
In base 8, what is 72 + -25745114?
-25745022
In base 12, what is 18737a24 + -3?
18737a21
In base 15, what is -1832 - 6492?
-7cc4
In base 8, what is -3475622531 + -1?
-3475622532
In base 7, what is -16300 + -10006?
-26306
In base 4, what is 1212310 - 12031313?
-10213003
In base 2, what is 110001100000100101 + -10000010?
110001011110100011
In base 14, what is 5 - -1988a33?
1988a38
In base 10, what is 393 + -451029?
-450636
In base 5, what is 3 + -103310021?
-103310013
In base 12, what is -a - 958b72?
-958b80
In base 12, what is -684720a + 0?
-684720a
In base 9, what is 204 - 123501?
-123286
In base 14, what is -7d66d96 - a?
-7d66da2
In base 14, what is -a72dd70 + 6?
-a72dd68
In base 10, what is -16567 + -3069?
-19636
In base 13, what is 1 + -1087590?
-108758c
In base 10, what is 743779 - -35?
743814
In base 8, what is 11 - -53257513?
53257524
In base 7, what is 1 - 1443014?
-1443013
In base 15, what is 8d1e000 + -5?
8d1deea
In base 14, what is -b8832 - 3?
-b8835
In base 8, what is -21253 + -1471?
-22744
In base 6, what is -500123244 - -14?
-500123230
In base 10, what is 2812 - 14871?
-12059
In base 2, what is -101011101 + -1001100011010001000?
-1001100011111100101
In base 6, what is -21131 + -41012?
-102143
In base 3, what is -12121 - 1212020?
-2001211
In base 3, what is -2202 - -12011020121?
12011010212
In base 14, what is -22 - 81578d?
-8157b1
In base 16, what is 1 - 35d271?
-35d270
In base 11, what is -4 - 293991a?
-2939923
In base 15, what is 18e73 - -13a?
190ad
In base 16, what is -3df253 - -ce?
-3df185
In base 11, what is 12481 + 2a55?
15426
In base 8, what is -3710 + -21437?
-25347
In base 10, what is -49755 - 1217?
-50972
In base 15, what is 359 + -4dbd?
-4a64
In base 6, what is 3005331222 + -30?
3005331152
In base 3, what is 22212211121201 + 0?
22212211121201
In base 15, what is 888273 - 15?
88825d
In base 5, what is 1041142 - -4024?
1100221
In base 15, what is 9ba70a + 5?
9ba710
In base 16, what is 30eb6cb + -3?
30eb6c8
In base 15, what is 1a39ca8 + 3?
1a39cab
In base 6, what is 1 + 151254525?
151254530
In base 4, what is -1012322320220 - 1?
-1012322320221
In base 16, what is b2836 - -4?
b283a
In base 15, what is -1412 - 2a0?
-16b2
In base 2, what is -1001000011 + 1101101010101010?
1101100001100111
In base 5, what is 3 - 21241204243?
-21241204240
In base 14, what is a23c0 + 62?
a2442
In base 7, what is -14451 + 412?
-14036
In base 12, what is -50 + 12221b7?
1222167
In base 5, what is -104000 - 41043102?
-41202102
In base 12, what is 1034 - 125348?
-124314
In base 13, what is -2a9c431 - a?
-2a9c43b
In base 9, what is 1 + 157311345?
157311346
In base 3, what is -12 - 20210121010002?
-20210121010021
In base 5, what is 113 - -213234240?
213234403
In base 12, what is 14950 - 3b8?
14554
In base 6, what is -334155 + 42005?
-252150
In base 8, what is -160365 - -3222?
-155143
In base 11, what is -1 - -5730291?
5730290
In base 3, what is 10211100 - 11210011120?
-11122100020
In base 14, what is -2c71 + -271?
-3102
In base 13, what is -364873 - -358?
-364518
In base 7, what is -4 + 116624233?
116624226
In base 8, what is 44472363 + 4?
44472367
In base 14, what is -527c5d6a - 0?
-527c5d6a
In base 6, what is 52 + -15405302?
-15405210
In base 15, what is 639639 + 4?
63963d
In base 10, what is 2 - 2504454?
-2504452
In base 8, what is 17 - 407577552?
-407577533
In base 16, what is -1b + -1c3aaa?
-1c3ac5
In base 7, what is 300 - 614051?
-613451
In base 16, what is -431bae - -3f?
-431b6f
In base 3, what is 22 + -1020220012200?
-1020220012101
In base 16, what is -1833c7e + 4?
-1833c7a
In base 14, what is 5 + 3cd974a?
3cd9751
In base 15, what is -25 + e26e3d?
e26e18
In base 10, what is -9007110 + -5?
-9007115
In base 7, what is -5 - 654360546?
-654360554
In base 3, what is -1102122020200222200 + 1?
-1102122020200222122
In base 9, what is -576826 + -2?
-576828
In base 4, what is 1 + -32123111330?
-32123111323
In base 14, what is 4 - 540120?
-54011a
In base 6, what is 2211 - -23304514?
23311125
In base 13, what is 43 - -159865?
1598a8
In base 10, what is -5403638 - 2?
-5403640
In base 15, what is -233d + 1768?
-ac5
In base 13, what is -9bb059c - 1?
-9bb05a0
In base 11, what is 4 + 7547a8a?
7547a93
In base 16, what is 8 - -23e0537?
23e053f
In base 5, what is 1242021433313 + -10?
1242021433303
In base 2, what is 1101001100010000001000101010 + 1?
1101001100010000001000101011
In base 14, what is 3 - 2260d18?
-2260d15
In base 13, what is 39a5cb8 + -1?
39a5cb7
In base 5, what is -4011304100314 + 1?
-4011304100313
In base 15, what is 0 + 3dd865d?
3dd865d
In base 10, what is -5 - 93152820?
-93152825
In base 4, what is 212321131322 - 12?
212321131310
In base 3, what is -1 + 1212210212002020?
1212210212002012
In base 8, what is 2 + -6011742?
-6011740
In base 10, what is 3 + 3079675?
3079678
In base 4, what is 3003 + 111230201?
111233210
In base 2, what is -1001101000110000011101 - 10001?
-1001101000110000101110
In base 12, what is 5a5 + 1b41?
2526
In base 10, what is 715693 - -3?
715696
In base 13, what is 0 + -cc21bb?
-cc21bb
In base 15, what is 6375a + 92?
637ec
In base 14, what is -682077c + -5?
-6820783
In base 14, what is 79571 - -9?
7957a
In base 14, what is -105b10 - 18?
-105b28
In base 12, what is 47b3 - 3583?
1230
In base 5, what is 32111330 - 2?
32111323
In base 12, what is -156978 + 33?
-156945
In base 3, what is -22111102022102 - -1002?
-22111102021100
In base 16, what is 8ae - 9f?
80f
In base 6, what is 15 - -22112102?
22112121
In base 12, what is 0 + -2560482?
-2560482
In base 13, what is 32ac02 - 4?
32abcb
In base 15, what is -290e886 + 1?
-290e885
In base 15, what is -5287d + -157?
-529d5
In base 4, what is -100003 + -210322301?
-211022310
In base 2, what is 1000010010101 - 1000101001100101111?
-1000100001010011010
In base 11, what is 87a2157 - 0?
87a2157
In base 5, what is 2114122 - 2231?
2111341
In base 5, what is 102240220400 - 0?
102240220400
In base 3, what is 1221011102 + -120210201?
1100100201
In base 8, what is -4 - -3202366?
3202362
In base 11, what is -5 - -47410468?
47410463
In base 12, what is -79a8b5 + -1a?
-79a913
In base 14, what is -4c1 + 94?
-42b
In base 7, what is 123041502 - -5?
123041510
In base 12, what is 